ase 14, what is 0 - d94d6?
-d94d6
In base 3, what is 112122 - -220011001?
220200200
In base 7, what is -105061 + -31365?
-136456
In base 13, what is 6c + 5b613?
5b682
In base 11, what is 73563541 + -2?
7356353a
In base 5, what is 113 + 11004430?
11010043
In base 2, what is -1001010011 + 11010000001?
10000101110
In base 14, what is -6 + -162a161?
-162a167
In base 6, what is 12232450 + -24?
12232422
In base 12, what is -5172 + 21a9?
-2b85
In base 8, what is 267 + 1753015?
1753304
In base 8, what is 7261052 + 1?
7261053
In base 3, what is -2100111202010211 + 100?
-2100111202010111
In base 9, what is 207848 - 134?
207714
In base 12, what is -bb10a3 - -84?
-bb101b
In base 10, what is -1886 + 116342?
114456
In base 16, what is 171 + -273?
-102
In base 9, what is 2112757 + 56?
2112824
In base 15, what is ca4db4 - b?
ca4da8
In base 9, what is -4422 + 12408?
6876
In base 16, what is -55 + f3?
9e
In base 16, what is -1d153 - -15d?
-1cff6
In base 5, what is -12231124023 - -10?
-12231124013
In base 9, what is -786426 + -2?
-786428
In base 9, what is 50417 - -23850?
74367
In base 12, what is aa420 + -25?
aa3b7
In base 5, what is -13300321 - 3143?
-13304014
In base 4, what is 101 - -21320032121?
21320032222
In base 4, what is -220021101 + 103?
-220020332
In base 15, what is 26 - d098?
-d072
In base 14, what is 2 - 380205d?
-380205b
In base 7, what is 14 - -53651103?
53651120
In base 6, what is -35042 + -104312?
-143354
In base 6, what is -2122304 + -4524?
-2131232
In base 9, what is -26124 + 2167?
-23846
In base 5, what is 12413032400 - 0?
12413032400
In base 9, what is 1 - 4812720?
-4812718
In base 9, what is 5618 + -3733?
1775
In base 10, what is -8936445 - -9?
-8936436
In base 9, what is 8857 - 86500?
-76532
In base 8, what is 523 - 11516462?
-11515737
In base 4, what is 113310132 + -11?
113310121
In base 6, what is 3 + -132002135?
-132002132
In base 9, what is 264 - 364004?
-363630
In base 5, what is 4 - -30202243341?
30202243400
In base 10, what is -2661 + 69064?
66403
In base 5, what is 24431232 - -104?
24431341
In base 15, what is -6836b4 - -13?
-6836a1
In base 4, what is 3012302 + 211212?
3230120
In base 8, what is -42775764 - 121?
-42776105
In base 14, what is -2 + -ba62228?
-ba6222a
In base 5, what is -1 + -4123022110?
-4123022111
In base 3, what is 11110100 - -11210022?
100020122
In base 9, what is 5 + 34330473?
34330478
In base 7, what is -3 + 2240106662?
2240106656
In base 9, what is 20 + -16578281?
-16578261
In base 5, what is 14104121 - 100?
14104021
In base 5, what is -33114 + 221032?
132413
In base 16, what is -1fa47526 - 1?
-1fa47527
In base 7, what is -22 - 3026414?
-3026436
In base 6, what is 1 + -303350210?
-303350205
In base 4, what is 113303 - 2030200?
-1310231
In base 8, what is -11453 - 17635?
-31310
In base 8, what is -3716 + -27563?
-33501
In base 12, what is -a669 + -1b09?
-10576
In base 12, what is -90a63 + 283?
-907a0
In base 4, what is -1021310 + -1200021?
-2221331
In base 11, what is 117811 + -522?
11729a
In base 2, what is -11100001001000010 - -100000100100?
-11011101000011110
In base 14, what is -42 - -23784?
23742
In base 15, what is 44 - 6c13?
-6bbe
In base 13, what is 7 - 23a7cc?
-23a7c5
In base 9, what is 570262 - 57?
570204
In base 14, what is 4b + -11dbd3?
-11db86
In base 7, what is 11341 + -35464?
-24123
In base 9, what is 3 + 2005514?
2005517
In base 7, what is 1613353336 + -3?
1613353333
In base 6, what is -3 - 10104152250?
-10104152253
In base 12, what is -19081 - 442?
-19503
In base 6, what is -342 - -52511?
52125
In base 12, what is -12310b66 + 2?
-12310b64
In base 9, what is 140 + -25782?
-25642
In base 2, what is -1001011000010011 - -100100110100?
-1000110011011111
In base 9, what is -8761 - -161620?
151748
In base 16, what is 1 - 7cd277?
-7cd276
In base 9, what is -14604 - 1428?
-16133
In base 6, what is 1430523 - 13125?
1413354
In base 2, what is 11001111000110101010111110 + -110?
11001111000110101010111000
In base 5, what is 14142402013 - 3?
14142402010
In base 13, what is 32546a - 12?
325458
In base 10, what is 13195 - 1294?
11901
In base 13, what is -25c17 + 293?
-25954
In base 16, what is 698e + 3573?
9f01
In base 15, what is -c - d79a55?
-d79a62
In base 15, what is -5ed1eb - -3?
-5ed1e8
In base 13, what is -6 - -688c9?
688c3
In base 13, what is 37 + 1194781?
11947b8
In base 9, what is 2723 + 1128?
3852
In base 11, what is -4 + 13358808?
13358804
In base 14, what is 108 + 19632?
1973a
In base 3, what is -1000222220 + 101120?
-1000121100
In base 2, what is 11110001011000001000010000111 - 0?
11110001011000001000010000111
In base 10, what is 19 - 838215?
-838196
In base 9, what is -1826313 + -47?
-1826361
In base 5, what is 43322 + -412003?
-313131
In base 3, what is -10102010000012110012 + -12?
-10102010000012110101
In base 3, what is -1201021200 - 100?
-1201022000
In base 5, what is 21140333 + 1422?
21142310
In base 10, what is 10356 - -206?
10562
In base 5, what is -200431444 - 3?
-200432002
In base 3, what is 110 + 10021100021022212?
10021100021100022
In base 3, what is 2220 + -10201001111001?
-10201001101011
In base 11, what is 4550830 + -2?
4550829
In base 7, what is 1163321354 - 2?
1163321352
In base 11, what is 37a1 - -1117?
4908
In base 7, what is 12 - -303254066?
303254111
In base 8, what is 13 - -46757343?
46757356
In base 13, what is 248 + -a3412?
-a3197
In base 13, what is 6a1 - -4641?
5012
In base 7, what is 3554 - 11502?
-4615
In base 14, what is 552 + 26606?
26b58
In base 4, what is -111220 - -103102303?
102331023
In base 10, what is -10 - 7881376?
-7881386
In base 14, what is -9b2d86 + -8?
-9b2d90
In base 16, what is 70f23 - -58?
70f7b
In base 6, what is -243 + 2240100?
2235413
In base 8, what is -3 - 125303526?
-125303531
In base 7, what is -253316 - -442?
-252544
In base 5, what is 214203231 - -3?
214203234
In base 8, what is -32 + 23101446?
23101414
In base 16, what is -71c - -32ca?
2bae
In base 16, what is -32c - 19c3?
-1cef
In base 8, what is -4007 - 477040?
-503047
In base 16, what is -a3 + -242c?
-24cf
In base 8, what is -2 + -10162023?
-10162025
In base 14, what is 2255cca - a?
2255cc0
In base 16, what is 5f + -4daf39?
-4daeda
In base 11, what is 1427 - -14031?
15458
In base 16, what is -1649e336 + -3?
-1649e339
In base 13, what is 0 + 2bb367?
2bb367
In base 15, what is 135c5b7 - -20?
135c5d7
In base 9, what is 20650 - 56323?
-35563
In base 11, what is -712852 + 3?
-71284a
In base 8, what is 7617 + 2520?
12337
In base 12, what is -2251 - 1a77?
-4108
In base 13, what is 44a0 + -10a25?
-9555
In base 10, what is 81506 + -165?
81341
In base 3, what is -10102102112 - -11222?
-10102020120
In base 15, what is 2d1b + -1140e?
-d5e3
In base 14, what is -23d77 - -20?
-23d57
In base 6, what is -1051100 - 1323?
-1052423
In base 3, what is -2102201101 - 2022222?
-2112001100
In base 14, what is 14 - -1392a?
13940
In base 13, what is 4 + -1349640?
-1349639
In base 11, what is -16431 - -a00?
-15531
In base 13, what is -2c4 - -60339?
60045
In base 6, what is -212054 + -10152?
-222250
In base 10, what is 6023842 + 47?
6023889
In base 3, what is 11 - 2001221021022011?
-2001221021022000
In base 9, what is 163066425 + 0?
163066425
In base 9, what is -60344 - 5052?
-65406
In base 10, what is -7754099 + 1?
-7754098
In base 2, what is 100011100111000100101001 - 111?
100011100111000100100010
In base 5, what is 3010241304 - -4?
3010241313
In base 14, what is 40a4db + -1b?
40a4c0
In base 7, what is 106153635 + -15?
106153620
In base 2, what is -1 + -1010000001010110111?
-1010000001010111000
In base 6, what is -24 + 14555212?
14555144
In base 5, what is -4 + 32312140?
32312131
In base 7, what is 10 - 1451350?
-1451340
In base 7, what is -2000 + -425150?
-430150
In base 16, what is 47ae5 + -127?
479be
In base 3, what is -11201 - -2121210111?
2121121210
In base 6, what is 2 - -321410542?
321410544
In base 7, what is -202143 - 1121?
-203264
In base 4, what is -3211002102033 - 101?
-3211002102200
In base 6, what is -25012532 - 20?
-25012552
In base 2, what is 1001100 - -100000101110010010?
100000101111011110
In base 7, what is 62 - 6510030?
-6506635
In base 10, what is 3393742 - 51?
3393691
In base 15, what is 131c8db - -4?
131c8e0
In base 7, what is 15 - -1055064?
1055112
In base 4, what is -23 + 132023031321